{"id":2066,"date":"2021-02-02T11:18:09","date_gmt":"2021-02-02T11:18:09","guid":{"rendered":"https:\/\/ottclimatefund.ca\/team-member\/tracey-clark\/"},"modified":"2024-12-09T16:39:30","modified_gmt":"2024-12-09T16:39:30","slug":"tracey-clark","status":"publish","type":"team-member","link":"https:\/\/ottclimatefund.ca\/fr\/equipe\/tracey-clark\/","title":{"rendered":"Tracey Clark"},"content":{"rendered":"<p>Tracey Clark est vice-pr\u00e9sidente, Nouvelles affaires chez Shorefast Social Enterprises Inc., une filiale \u00e0 propri\u00e9t\u00e9 enti\u00e8re de la Shorefast Foundation. Tracey \u00e9tait pr\u00e9sidente et P-DG de Bridgehead Coffee, une entreprise qu\u2019elle a fond\u00e9e, de 2000 \u00e0 sa vente en 2020. En 2020, elle a \u00e9t\u00e9 responsable en chef de la culture chez Bridgehead et a d\u00e9marr\u00e9 le studio Fogo Clay Studio \u00e0 Fogo Island, T.-N. Tracey d\u00e9tient un MBA et est Fellow de la Fondation Aga Khan du Canada (AKFC).<\/p>\n<p>Tracey est pr\u00e9sidente sortante d\u2019Impact Hub Ottawa, apr\u00e8s en avoir \u00e9t\u00e9 la pr\u00e9sidente fondatrice pendant cinq ans. Elle est administratrice de la Fondation communautaire d\u2019Ottawa dont elle pr\u00e9side le Comit\u00e9 d\u2019investissement \u00e0 impact. Elle est \u00e9galement administratrice de Garde-rivi\u00e8re des Outaouais et d\u2019Ecotrust Canada.<\/p>\n<p>Elle aime les voyages, les randonn\u00e9es en plein-air, la lecture, l\u2019\u00e9criture et la cuisine et partage son temps entre Fogo, Ottawa et Toronto.<\/p>\n","protected":false},"featured_media":2067,"menu_order":50,"template":"","meta":{"_acf_changed":false,"cybocfi_hide_featured_image":""},"team-category":[22],"class_list":["post-2066","team-member","type-team-member","status-publish","has-post-thumbnail","hentry","team-category-advisory-board-fr"],"acf":[],"yoast_head":"<!-- This site is optimized with the Yoast SEO plugin v27.4 - https:\/\/yoast.com\/product\/yoast-seo-wordpress\/ -->\n<title>Tracey Clark - Ottawa Climate Action Fund<\/title>\n<meta name=\"robots\" content=\"index, follow, max-snippet:-1, max-image-preview:large, max-video-preview:-1\" \/>\n<link rel=\"canonical\" href=\"https:\/\/ottclimatefund.ca\/fr\/equipe\/tracey-clark\/\" \/>\n<meta property=\"og:locale\" content=\"fr_FR\" \/>\n<meta property=\"og:type\" content=\"article\" \/>\n<meta property=\"og:title\" content=\"Tracey Clark - Ottawa Climate Action Fund\" \/>\n<meta property=\"og:description\" content=\"Tracey Clark est vice-pr\u00e9sidente, Nouvelles affaires chez Shorefast Social Enterprises Inc., une filiale \u00e0 propri\u00e9t\u00e9 enti\u00e8re de la Shorefast Foundation. Tracey \u00e9tait pr\u00e9sidente et P-DG de Bridgehead Coffee, une entreprise qu\u2019elle a fond\u00e9e, de 2000 \u00e0 sa vente en 2020. En 2020, elle a \u00e9t\u00e9 responsable en chef de la culture chez Bridgehead et a [&hellip;]\" \/>\n<meta property=\"og:url\" content=\"https:\/\/ottclimatefund.ca\/fr\/equipe\/tracey-clark\/\" \/>\n<meta property=\"og:site_name\" content=\"Ottawa Climate Action Fund\" \/>\n<meta property=\"article:modified_time\" content=\"2024-12-09T16:39:30+00:00\" \/>\n<meta property=\"og:image\" content=\"https:\/\/ottclimatefund.ca\/wp-content\/uploads\/2021\/02\/Tracey-Clark.jpg\" \/>\n\t<meta property=\"og:image:width\" content=\"500\" \/>\n\t<meta property=\"og:image:height\" content=\"500\" \/>\n\t<meta property=\"og:image:type\" content=\"image\/jpeg\" \/>\n<meta name=\"twitter:card\" content=\"summary_large_image\" \/>\n<meta name=\"twitter:site\" content=\"@OttClimateFund\" \/>\n<meta name=\"twitter:label1\" content=\"Est. reading time\" \/>\n\t<meta name=\"twitter:data1\" content=\"1 minute\" \/>\n<script type=\"application\/ld+json\" class=\"yoast-schema-graph\">{\"@context\":\"https:\\\/\\\/schema.org\",\"@graph\":[{\"@type\":\"WebPage\",\"@id\":\"https:\\\/\\\/ottclimatefund.ca\\\/fr\\\/equipe\\\/tracey-clark\\\/\",\"url\":\"https:\\\/\\\/ottclimatefund.ca\\\/fr\\\/equipe\\\/tracey-clark\\\/\",\"name\":\"Tracey Clark - Ottawa Climate Action Fund\",\"isPartOf\":{\"@id\":\"https:\\\/\\\/ottclimatefund.ca\\\/#website\"},\"primaryImageOfPage\":{\"@id\":\"https:\\\/\\\/ottclimatefund.ca\\\/fr\\\/equipe\\\/tracey-clark\\\/#primaryimage\"},\"image\":{\"@id\":\"https:\\\/\\\/ottclimatefund.ca\\\/fr\\\/equipe\\\/tracey-clark\\\/#primaryimage\"},\"thumbnailUrl\":\"https:\\\/\\\/ottclimatefund.ca\\\/wp-content\\\/uploads\\\/2021\\\/02\\\/Tracey-Clark.jpg\",\"datePublished\":\"2021-02-02T11:18:09+00:00\",\"dateModified\":\"2024-12-09T16:39:30+00:00\",\"breadcrumb\":{\"@id\":\"https:\\\/\\\/ottclimatefund.ca\\\/fr\\\/equipe\\\/tracey-clark\\\/#breadcrumb\"},\"inLanguage\":\"fr-FR\",\"potentialAction\":[{\"@type\":\"ReadAction\",\"target\":[\"https:\\\/\\\/ottclimatefund.ca\\\/fr\\\/equipe\\\/tracey-clark\\\/\"]}]},{\"@type\":\"ImageObject\",\"inLanguage\":\"fr-FR\",\"@id\":\"https:\\\/\\\/ottclimatefund.ca\\\/fr\\\/equipe\\\/tracey-clark\\\/#primaryimage\",\"url\":\"https:\\\/\\\/ottclimatefund.ca\\\/wp-content\\\/uploads\\\/2021\\\/02\\\/Tracey-Clark.jpg\",\"contentUrl\":\"https:\\\/\\\/ottclimatefund.ca\\\/wp-content\\\/uploads\\\/2021\\\/02\\\/Tracey-Clark.jpg\",\"width\":500,\"height\":500},{\"@type\":\"BreadcrumbList\",\"@id\":\"https:\\\/\\\/ottclimatefund.ca\\\/fr\\\/equipe\\\/tracey-clark\\\/#breadcrumb\",\"itemListElement\":[{\"@type\":\"ListItem\",\"position\":1,\"name\":\"Home\",\"item\":\"https:\\\/\\\/ottclimatefund.ca\\\/fr\\\/\"},{\"@type\":\"ListItem\",\"position\":2,\"name\":\"Tracey Clark\"}]},{\"@type\":\"WebSite\",\"@id\":\"https:\\\/\\\/ottclimatefund.ca\\\/#website\",\"url\":\"https:\\\/\\\/ottclimatefund.ca\\\/\",\"name\":\"Ottawa Climate Action Fund\",\"description\":\"Carbon down. Community Up.\",\"publisher\":{\"@id\":\"https:\\\/\\\/ottclimatefund.ca\\\/#organization\"},\"potentialAction\":[{\"@type\":\"SearchAction\",\"target\":{\"@type\":\"EntryPoint\",\"urlTemplate\":\"https:\\\/\\\/ottclimatefund.ca\\\/?s={search_term_string}\"},\"query-input\":{\"@type\":\"PropertyValueSpecification\",\"valueRequired\":true,\"valueName\":\"search_term_string\"}}],\"inLanguage\":\"fr-FR\"},{\"@type\":\"Organization\",\"@id\":\"https:\\\/\\\/ottclimatefund.ca\\\/#organization\",\"name\":\"Ottawa Climate Action Fund\",\"url\":\"https:\\\/\\\/ottclimatefund.ca\\\/\",\"logo\":{\"@type\":\"ImageObject\",\"inLanguage\":\"fr-FR\",\"@id\":\"https:\\\/\\\/ottclimatefund.ca\\\/#\\\/schema\\\/logo\\\/image\\\/\",\"url\":\"https:\\\/\\\/ottclimatefund.ca\\\/wp-content\\\/uploads\\\/2024\\\/07\\\/ocaf-logo.svg\",\"contentUrl\":\"https:\\\/\\\/ottclimatefund.ca\\\/wp-content\\\/uploads\\\/2024\\\/07\\\/ocaf-logo.svg\",\"width\":172,\"height\":37,\"caption\":\"Ottawa Climate Action Fund\"},\"image\":{\"@id\":\"https:\\\/\\\/ottclimatefund.ca\\\/#\\\/schema\\\/logo\\\/image\\\/\"},\"sameAs\":[\"https:\\\/\\\/x.com\\\/OttClimateFund\",\"https:\\\/\\\/www.linkedin.com\\\/company\\\/ottawa-climate-action-fund\\\/about\\\/\"]}]}<\/script>\n<!-- \/ Yoast SEO plugin. -->","yoast_head_json":{"title":"Tracey Clark - Ottawa Climate Action Fund","robots":{"index":"index","follow":"follow","max-snippet":"max-snippet:-1","max-image-preview":"max-image-preview:large","max-video-preview":"max-video-preview:-1"},"canonical":"https:\/\/ottclimatefund.ca\/fr\/equipe\/tracey-clark\/","og_locale":"fr_FR","og_type":"article","og_title":"Tracey Clark - Ottawa Climate Action Fund","og_description":"Tracey Clark est vice-pr\u00e9sidente, Nouvelles affaires chez Shorefast Social Enterprises Inc., une filiale \u00e0 propri\u00e9t\u00e9 enti\u00e8re de la Shorefast Foundation. Tracey \u00e9tait pr\u00e9sidente et P-DG de Bridgehead Coffee, une entreprise qu\u2019elle a fond\u00e9e, de 2000 \u00e0 sa vente en 2020. En 2020, elle a \u00e9t\u00e9 responsable en chef de la culture chez Bridgehead et a [&hellip;]","og_url":"https:\/\/ottclimatefund.ca\/fr\/equipe\/tracey-clark\/","og_site_name":"Ottawa Climate Action Fund","article_modified_time":"2024-12-09T16:39:30+00:00","og_image":[{"width":500,"height":500,"url":"https:\/\/ottclimatefund.ca\/wp-content\/uploads\/2021\/02\/Tracey-Clark.jpg","type":"image\/jpeg"}],"twitter_card":"summary_large_image","twitter_site":"@OttClimateFund","twitter_misc":{"Est. reading time":"1 minute"},"schema":{"@context":"https:\/\/schema.org","@graph":[{"@type":"WebPage","@id":"https:\/\/ottclimatefund.ca\/fr\/equipe\/tracey-clark\/","url":"https:\/\/ottclimatefund.ca\/fr\/equipe\/tracey-clark\/","name":"Tracey Clark - Ottawa Climate Action Fund","isPartOf":{"@id":"https:\/\/ottclimatefund.ca\/#website"},"primaryImageOfPage":{"@id":"https:\/\/ottclimatefund.ca\/fr\/equipe\/tracey-clark\/#primaryimage"},"image":{"@id":"https:\/\/ottclimatefund.ca\/fr\/equipe\/tracey-clark\/#primaryimage"},"thumbnailUrl":"https:\/\/ottclimatefund.ca\/wp-content\/uploads\/2021\/02\/Tracey-Clark.jpg","datePublished":"2021-02-02T11:18:09+00:00","dateModified":"2024-12-09T16:39:30+00:00","breadcrumb":{"@id":"https:\/\/ottclimatefund.ca\/fr\/equipe\/tracey-clark\/#breadcrumb"},"inLanguage":"fr-FR","potentialAction":[{"@type":"ReadAction","target":["https:\/\/ottclimatefund.ca\/fr\/equipe\/tracey-clark\/"]}]},{"@type":"ImageObject","inLanguage":"fr-FR","@id":"https:\/\/ottclimatefund.ca\/fr\/equipe\/tracey-clark\/#primaryimage","url":"https:\/\/ottclimatefund.ca\/wp-content\/uploads\/2021\/02\/Tracey-Clark.jpg","contentUrl":"https:\/\/ottclimatefund.ca\/wp-content\/uploads\/2021\/02\/Tracey-Clark.jpg","width":500,"height":500},{"@type":"BreadcrumbList","@id":"https:\/\/ottclimatefund.ca\/fr\/equipe\/tracey-clark\/#breadcrumb","itemListElement":[{"@type":"ListItem","position":1,"name":"Home","item":"https:\/\/ottclimatefund.ca\/fr\/"},{"@type":"ListItem","position":2,"name":"Tracey Clark"}]},{"@type":"WebSite","@id":"https:\/\/ottclimatefund.ca\/#website","url":"https:\/\/ottclimatefund.ca\/","name":"Ottawa Climate Action Fund","description":"Carbon down. Community Up.","publisher":{"@id":"https:\/\/ottclimatefund.ca\/#organization"},"potentialAction":[{"@type":"SearchAction","target":{"@type":"EntryPoint","urlTemplate":"https:\/\/ottclimatefund.ca\/?s={search_term_string}"},"query-input":{"@type":"PropertyValueSpecification","valueRequired":true,"valueName":"search_term_string"}}],"inLanguage":"fr-FR"},{"@type":"Organization","@id":"https:\/\/ottclimatefund.ca\/#organization","name":"Ottawa Climate Action Fund","url":"https:\/\/ottclimatefund.ca\/","logo":{"@type":"ImageObject","inLanguage":"fr-FR","@id":"https:\/\/ottclimatefund.ca\/#\/schema\/logo\/image\/","url":"https:\/\/ottclimatefund.ca\/wp-content\/uploads\/2024\/07\/ocaf-logo.svg","contentUrl":"https:\/\/ottclimatefund.ca\/wp-content\/uploads\/2024\/07\/ocaf-logo.svg","width":172,"height":37,"caption":"Ottawa Climate Action Fund"},"image":{"@id":"https:\/\/ottclimatefund.ca\/#\/schema\/logo\/image\/"},"sameAs":["https:\/\/x.com\/OttClimateFund","https:\/\/www.linkedin.com\/company\/ottawa-climate-action-fund\/about\/"]}]}},"_links":{"self":[{"href":"https:\/\/ottclimatefund.ca\/fr\/wp-json\/wp\/v2\/team-member\/2066","targetHints":{"allow":["GET"]}}],"collection":[{"href":"https:\/\/ottclimatefund.ca\/fr\/wp-json\/wp\/v2\/team-member"}],"about":[{"href":"https:\/\/ottclimatefund.ca\/fr\/wp-json\/wp\/v2\/types\/team-member"}],"wp:featuredmedia":[{"embeddable":true,"href":"https:\/\/ottclimatefund.ca\/fr\/wp-json\/wp\/v2\/media\/2067"}],"wp:attachment":[{"href":"https:\/\/ottclimatefund.ca\/fr\/wp-json\/wp\/v2\/media?parent=2066"}],"wp:term":[{"taxonomy":"team-category","embeddable":true,"href":"https:\/\/ottclimatefund.ca\/fr\/wp-json\/wp\/v2\/team-category?post=2066"}],"curies":[{"name":"wp","href":"https:\/\/api.w.org\/{rel}","templated":true}]}}

<p>Tracey Clark est vice-présidente, Nouvelles affaires chez Shorefast Social Enterprises Inc., une filiale à propriété entière de la Shorefast Foundation. Tracey était présidente et P-DG de Bridgehead Coffee, une entreprise qu’elle a fondée, de 2000 à sa vente en 2020. En 2020, elle a été responsable en chef de la culture chez Bridgehead et a démarré le studio Fogo Clay Studio à Fogo Island, T.-N. Tracey détient un MBA et est Fellow de la Fondation Aga Khan du Canada (AKFC).</p>
<p>Tracey est présidente sortante d’Impact Hub Ottawa, après en avoir été la présidente fondatrice pendant cinq ans. Elle est administratrice de la Fondation communautaire d’Ottawa dont elle préside le Comité d’investissement à impact. Elle est également administratrice de Garde-rivière des Outaouais et d’Ecotrust Canada.</p>
<p>Elle aime les voyages, les randonnées en plein-air, la lecture, l’écriture et la cuisine et partage son temps entre Fogo, Ottawa et Toronto.</p>

<!-- This site is optimized with the Yoast SEO plugin v27.4 - https://yoast.com/product/yoast-seo-wordpress/ -->
<title>Tracey Clark - Ottawa Climate Action Fund</title>
<meta name="robots" content="index, follow, max-snippet:-1, max-image-preview:large, max-video-preview:-1" />
<link rel="canonical" href="https://ottclimatefund.ca/fr/equipe/tracey-clark/" />
<meta property="og:locale" content="fr_FR" />
<meta property="og:type" content="article" />
<meta property="og:title" content="Tracey Clark - Ottawa Climate Action Fund" />
<meta property="og:description" content="Tracey Clark est vice-présidente, Nouvelles affaires chez Shorefast Social Enterprises Inc., une filiale à propriété entière de la Shorefast Foundation. Tracey était présidente et P-DG de Bridgehead Coffee, une entreprise qu’elle a fondée, de 2000 à sa vente en 2020. En 2020, elle a été responsable en chef de la culture chez Bridgehead et a [&hellip;]" />
<meta property="og:url" content="https://ottclimatefund.ca/fr/equipe/tracey-clark/" />
<meta property="og:site_name" content="Ottawa Climate Action Fund" />
<meta property="article:modified_time" content="2024-12-09T16:39:30+00:00" />
<meta property="og:image" content="https://ottclimatefund.ca/wp-content/uploads/2021/02/Tracey-Clark.jpg" />
	<meta property="og:image:width" content="500" />
	<meta property="og:image:height" content="500" />
	<meta property="og:image:type" content="image/jpeg" />
<meta name="twitter:card" content="summary_large_image" />
<meta name="twitter:site" content="@OttClimateFund" />
<meta name="twitter:label1" content="Est. reading time" />
	<meta name="twitter:data1" content="1 minute" />
<script type="application/ld+json" class="yoast-schema-graph">{"@context":"https:\/\/schema.org","@graph":[{"@type":"WebPage","@id":"https:\/\/ottclimatefund.ca\/fr\/equipe\/tracey-clark\/","url":"https:\/\/ottclimatefund.ca\/fr\/equipe\/tracey-clark\/","name":"Tracey Clark - Ottawa Climate Action Fund","isPartOf":{"@id":"https:\/\/ottclimatefund.ca\/#website"},"primaryImageOfPage":{"@id":"https:\/\/ottclimatefund.ca\/fr\/equipe\/tracey-clark\/#primaryimage"},"image":{"@id":"https:\/\/ottclimatefund.ca\/fr\/equipe\/tracey-clark\/#primaryimage"},"thumbnailUrl":"https:\/\/ottclimatefund.ca\/wp-content\/uploads\/2021\/02\/Tracey-Clark.jpg","datePublished":"2021-02-02T11:18:09+00:00","dateModified":"2024-12-09T16:39:30+00:00","breadcrumb":{"@id":"https:\/\/ottclimatefund.ca\/fr\/equipe\/tracey-clark\/#breadcrumb"},"inLanguage":"fr-FR","potentialAction":[{"@type":"ReadAction","target":["https:\/\/ottclimatefund.ca\/fr\/equipe\/tracey-clark\/"]}]},{"@type":"ImageObject","inLanguage":"fr-FR","@id":"https:\/\/ottclimatefund.ca\/fr\/equipe\/tracey-clark\/#primaryimage","url":"https:\/\/ottclimatefund.ca\/wp-content\/uploads\/2021\/02\/Tracey-Clark.jpg","contentUrl":"https:\/\/ottclimatefund.ca\/wp-content\/uploads\/2021\/02\/Tracey-Clark.jpg","width":500,"height":500},{"@type":"BreadcrumbList","@id":"https:\/\/ottclimatefund.ca\/fr\/equipe\/tracey-clark\/#breadcrumb","itemListElement":[{"@type":"ListItem","position":1,"name":"Home","item":"https:\/\/ottclimatefund.ca\/fr\/"},{"@type":"ListItem","position":2,"name":"Tracey Clark"}]},{"@type":"WebSite","@id":"https:\/\/ottclimatefund.ca\/#website","url":"https:\/\/ottclimatefund.ca\/","name":"Ottawa Climate Action Fund","description":"Carbon down. Community Up.","publisher":{"@id":"https:\/\/ottclimatefund.ca\/#organization"},"potentialAction":[{"@type":"SearchAction","target":{"@type":"EntryPoint","urlTemplate":"https:\/\/ottclimatefund.ca\/?s={search_term_string}"},"query-input":{"@type":"PropertyValueSpecification","valueRequired":true,"valueName":"search_term_string"}}],"inLanguage":"fr-FR"},{"@type":"Organization","@id":"https:\/\/ottclimatefund.ca\/#organization","name":"Ottawa Climate Action Fund","url":"https:\/\/ottclimatefund.ca\/","logo":{"@type":"ImageObject","inLanguage":"fr-FR","@id":"https:\/\/ottclimatefund.ca\/#\/schema\/logo\/image\/","url":"https:\/\/ottclimatefund.ca\/wp-content\/uploads\/2024\/07\/ocaf-logo.svg","contentUrl":"https:\/\/ottclimatefund.ca\/wp-content\/uploads\/2024\/07\/ocaf-logo.svg","width":172,"height":37,"caption":"Ottawa Climate Action Fund"},"image":{"@id":"https:\/\/ottclimatefund.ca\/#\/schema\/logo\/image\/"},"sameAs":["https:\/\/x.com\/OttClimateFund","https:\/\/www.linkedin.com\/company\/ottawa-climate-action-fund\/about\/"]}]}</script>
<!-- / Yoast SEO plugin. -->

Tracey Clark est vice-présidente, Nouvelles affaires chez Shorefast Social Enterprises Inc., une filiale à propriété entière de la Shorefast Foundation. Tracey était présidente et P-DG de Bridgehead Coffee, une entreprise qu’elle a fondée, de 2000 à sa vente en 2020. En 2020, elle a été responsable en chef de la culture chez Bridgehead et a [&hellip;]
