{"id":2040,"date":"2021-02-10T09:41:05","date_gmt":"2021-02-10T09:41:05","guid":{"rendered":"https:\/\/ottclimatefund.ca\/team-member\/rodney-wilts\/"},"modified":"2024-12-09T16:29:14","modified_gmt":"2024-12-09T16:29:14","slug":"rodney-wilts","status":"publish","type":"team-member","link":"https:\/\/ottclimatefund.ca\/fr\/equipe\/rodney-wilts\/","title":{"rendered":"Rodney Wilts"},"content":{"rendered":"<p>Rodney est un promoteur immobilier, investisseur et gestionnaire d\u2019actif fid\u00e8le \u00e0 ses valeurs. Au cours des 15 derni\u00e8res ann\u00e9es, Rodney a occup\u00e9 des postes de haute direction au sein de projets de d\u00e9veloppement immobilier parmi les plus ambitieux au pays, dont 10 immeubles class\u00e9s LEED Platinum. Rodney a dirig\u00e9 la planification g\u00e9n\u00e9rale de Zibi, une communaut\u00e9 \u00e0 \u00e9mission z\u00e9ro, la seule communaut\u00e9 canadienne endoss\u00e9e par One Planet et laur\u00e9ate de nombreux prix nationaux et internationaux. Quand il ne s\u2019affaire pas \u00e0 cr\u00e9er des projets immobiliers plus durables \u00e9cologiquement et socialement, Rodney pratique la voile, la descente de rapides ou le ski de randonn\u00e9e.<\/p>\n","protected":false},"featured_media":2041,"menu_order":5,"template":"","meta":{"_acf_changed":false,"cybocfi_hide_featured_image":""},"team-category":[22],"class_list":["post-2040","team-member","type-team-member","status-publish","has-post-thumbnail","hentry","team-category-advisory-board-fr"],"acf":[],"yoast_head":"<!-- This site is optimized with the Yoast SEO plugin v27.4 - https:\/\/yoast.com\/product\/yoast-seo-wordpress\/ -->\n<title>Rodney Wilts - Ottawa Climate Action Fund<\/title>\n<meta name=\"robots\" content=\"index, follow, max-snippet:-1, max-image-preview:large, max-video-preview:-1\" \/>\n<link rel=\"canonical\" href=\"https:\/\/ottclimatefund.ca\/fr\/equipe\/rodney-wilts\/\" \/>\n<meta property=\"og:locale\" content=\"fr_FR\" \/>\n<meta property=\"og:type\" content=\"article\" \/>\n<meta property=\"og:title\" content=\"Rodney Wilts - Ottawa Climate Action Fund\" \/>\n<meta property=\"og:description\" content=\"Rodney est un promoteur immobilier, investisseur et gestionnaire d\u2019actif fid\u00e8le \u00e0 ses valeurs. Au cours des 15 derni\u00e8res ann\u00e9es, Rodney a occup\u00e9 des postes de haute direction au sein de projets de d\u00e9veloppement immobilier parmi les plus ambitieux au pays, dont 10 immeubles class\u00e9s LEED Platinum. Rodney a dirig\u00e9 la planification g\u00e9n\u00e9rale de Zibi, une [&hellip;]\" \/>\n<meta property=\"og:url\" content=\"https:\/\/ottclimatefund.ca\/fr\/equipe\/rodney-wilts\/\" \/>\n<meta property=\"og:site_name\" content=\"Ottawa Climate Action Fund\" \/>\n<meta property=\"article:modified_time\" content=\"2024-12-09T16:29:14+00:00\" \/>\n<meta property=\"og:image\" content=\"https:\/\/ottclimatefund.ca\/wp-content\/uploads\/2021\/02\/Rodney-Wilts.jpg\" \/>\n\t<meta property=\"og:image:width\" content=\"500\" \/>\n\t<meta property=\"og:image:height\" content=\"500\" \/>\n\t<meta property=\"og:image:type\" content=\"image\/jpeg\" \/>\n<meta name=\"twitter:card\" content=\"summary_large_image\" \/>\n<meta name=\"twitter:site\" content=\"@OttClimateFund\" \/>\n<meta name=\"twitter:label1\" content=\"Est. reading time\" \/>\n\t<meta name=\"twitter:data1\" content=\"1 minute\" \/>\n<script type=\"application\/ld+json\" class=\"yoast-schema-graph\">{\"@context\":\"https:\\\/\\\/schema.org\",\"@graph\":[{\"@type\":\"WebPage\",\"@id\":\"https:\\\/\\\/ottclimatefund.ca\\\/fr\\\/equipe\\\/rodney-wilts\\\/\",\"url\":\"https:\\\/\\\/ottclimatefund.ca\\\/fr\\\/equipe\\\/rodney-wilts\\\/\",\"name\":\"Rodney Wilts - Ottawa Climate Action Fund\",\"isPartOf\":{\"@id\":\"https:\\\/\\\/ottclimatefund.ca\\\/#website\"},\"primaryImageOfPage\":{\"@id\":\"https:\\\/\\\/ottclimatefund.ca\\\/fr\\\/equipe\\\/rodney-wilts\\\/#primaryimage\"},\"image\":{\"@id\":\"https:\\\/\\\/ottclimatefund.ca\\\/fr\\\/equipe\\\/rodney-wilts\\\/#primaryimage\"},\"thumbnailUrl\":\"https:\\\/\\\/ottclimatefund.ca\\\/wp-content\\\/uploads\\\/2021\\\/02\\\/Rodney-Wilts.jpg\",\"datePublished\":\"2021-02-10T09:41:05+00:00\",\"dateModified\":\"2024-12-09T16:29:14+00:00\",\"breadcrumb\":{\"@id\":\"https:\\\/\\\/ottclimatefund.ca\\\/fr\\\/equipe\\\/rodney-wilts\\\/#breadcrumb\"},\"inLanguage\":\"fr-FR\",\"potentialAction\":[{\"@type\":\"ReadAction\",\"target\":[\"https:\\\/\\\/ottclimatefund.ca\\\/fr\\\/equipe\\\/rodney-wilts\\\/\"]}]},{\"@type\":\"ImageObject\",\"inLanguage\":\"fr-FR\",\"@id\":\"https:\\\/\\\/ottclimatefund.ca\\\/fr\\\/equipe\\\/rodney-wilts\\\/#primaryimage\",\"url\":\"https:\\\/\\\/ottclimatefund.ca\\\/wp-content\\\/uploads\\\/2021\\\/02\\\/Rodney-Wilts.jpg\",\"contentUrl\":\"https:\\\/\\\/ottclimatefund.ca\\\/wp-content\\\/uploads\\\/2021\\\/02\\\/Rodney-Wilts.jpg\",\"width\":500,\"height\":500},{\"@type\":\"BreadcrumbList\",\"@id\":\"https:\\\/\\\/ottclimatefund.ca\\\/fr\\\/equipe\\\/rodney-wilts\\\/#breadcrumb\",\"itemListElement\":[{\"@type\":\"ListItem\",\"position\":1,\"name\":\"Home\",\"item\":\"https:\\\/\\\/ottclimatefund.ca\\\/fr\\\/\"},{\"@type\":\"ListItem\",\"position\":2,\"name\":\"Rodney Wilts\"}]},{\"@type\":\"WebSite\",\"@id\":\"https:\\\/\\\/ottclimatefund.ca\\\/#website\",\"url\":\"https:\\\/\\\/ottclimatefund.ca\\\/\",\"name\":\"Ottawa Climate Action Fund\",\"description\":\"Carbon down. Community Up.\",\"publisher\":{\"@id\":\"https:\\\/\\\/ottclimatefund.ca\\\/#organization\"},\"potentialAction\":[{\"@type\":\"SearchAction\",\"target\":{\"@type\":\"EntryPoint\",\"urlTemplate\":\"https:\\\/\\\/ottclimatefund.ca\\\/?s={search_term_string}\"},\"query-input\":{\"@type\":\"PropertyValueSpecification\",\"valueRequired\":true,\"valueName\":\"search_term_string\"}}],\"inLanguage\":\"fr-FR\"},{\"@type\":\"Organization\",\"@id\":\"https:\\\/\\\/ottclimatefund.ca\\\/#organization\",\"name\":\"Ottawa Climate Action Fund\",\"url\":\"https:\\\/\\\/ottclimatefund.ca\\\/\",\"logo\":{\"@type\":\"ImageObject\",\"inLanguage\":\"fr-FR\",\"@id\":\"https:\\\/\\\/ottclimatefund.ca\\\/#\\\/schema\\\/logo\\\/image\\\/\",\"url\":\"https:\\\/\\\/ottclimatefund.ca\\\/wp-content\\\/uploads\\\/2024\\\/07\\\/ocaf-logo.svg\",\"contentUrl\":\"https:\\\/\\\/ottclimatefund.ca\\\/wp-content\\\/uploads\\\/2024\\\/07\\\/ocaf-logo.svg\",\"width\":172,\"height\":37,\"caption\":\"Ottawa Climate Action Fund\"},\"image\":{\"@id\":\"https:\\\/\\\/ottclimatefund.ca\\\/#\\\/schema\\\/logo\\\/image\\\/\"},\"sameAs\":[\"https:\\\/\\\/x.com\\\/OttClimateFund\",\"https:\\\/\\\/www.linkedin.com\\\/company\\\/ottawa-climate-action-fund\\\/about\\\/\"]}]}<\/script>\n<!-- \/ Yoast SEO plugin. -->","yoast_head_json":{"title":"Rodney Wilts - Ottawa Climate Action Fund","robots":{"index":"index","follow":"follow","max-snippet":"max-snippet:-1","max-image-preview":"max-image-preview:large","max-video-preview":"max-video-preview:-1"},"canonical":"https:\/\/ottclimatefund.ca\/fr\/equipe\/rodney-wilts\/","og_locale":"fr_FR","og_type":"article","og_title":"Rodney Wilts - Ottawa Climate Action Fund","og_description":"Rodney est un promoteur immobilier, investisseur et gestionnaire d\u2019actif fid\u00e8le \u00e0 ses valeurs. Au cours des 15 derni\u00e8res ann\u00e9es, Rodney a occup\u00e9 des postes de haute direction au sein de projets de d\u00e9veloppement immobilier parmi les plus ambitieux au pays, dont 10 immeubles class\u00e9s LEED Platinum. Rodney a dirig\u00e9 la planification g\u00e9n\u00e9rale de Zibi, une [&hellip;]","og_url":"https:\/\/ottclimatefund.ca\/fr\/equipe\/rodney-wilts\/","og_site_name":"Ottawa Climate Action Fund","article_modified_time":"2024-12-09T16:29:14+00:00","og_image":[{"width":500,"height":500,"url":"https:\/\/ottclimatefund.ca\/wp-content\/uploads\/2021\/02\/Rodney-Wilts.jpg","type":"image\/jpeg"}],"twitter_card":"summary_large_image","twitter_site":"@OttClimateFund","twitter_misc":{"Est. reading time":"1 minute"},"schema":{"@context":"https:\/\/schema.org","@graph":[{"@type":"WebPage","@id":"https:\/\/ottclimatefund.ca\/fr\/equipe\/rodney-wilts\/","url":"https:\/\/ottclimatefund.ca\/fr\/equipe\/rodney-wilts\/","name":"Rodney Wilts - Ottawa Climate Action Fund","isPartOf":{"@id":"https:\/\/ottclimatefund.ca\/#website"},"primaryImageOfPage":{"@id":"https:\/\/ottclimatefund.ca\/fr\/equipe\/rodney-wilts\/#primaryimage"},"image":{"@id":"https:\/\/ottclimatefund.ca\/fr\/equipe\/rodney-wilts\/#primaryimage"},"thumbnailUrl":"https:\/\/ottclimatefund.ca\/wp-content\/uploads\/2021\/02\/Rodney-Wilts.jpg","datePublished":"2021-02-10T09:41:05+00:00","dateModified":"2024-12-09T16:29:14+00:00","breadcrumb":{"@id":"https:\/\/ottclimatefund.ca\/fr\/equipe\/rodney-wilts\/#breadcrumb"},"inLanguage":"fr-FR","potentialAction":[{"@type":"ReadAction","target":["https:\/\/ottclimatefund.ca\/fr\/equipe\/rodney-wilts\/"]}]},{"@type":"ImageObject","inLanguage":"fr-FR","@id":"https:\/\/ottclimatefund.ca\/fr\/equipe\/rodney-wilts\/#primaryimage","url":"https:\/\/ottclimatefund.ca\/wp-content\/uploads\/2021\/02\/Rodney-Wilts.jpg","contentUrl":"https:\/\/ottclimatefund.ca\/wp-content\/uploads\/2021\/02\/Rodney-Wilts.jpg","width":500,"height":500},{"@type":"BreadcrumbList","@id":"https:\/\/ottclimatefund.ca\/fr\/equipe\/rodney-wilts\/#breadcrumb","itemListElement":[{"@type":"ListItem","position":1,"name":"Home","item":"https:\/\/ottclimatefund.ca\/fr\/"},{"@type":"ListItem","position":2,"name":"Rodney Wilts"}]},{"@type":"WebSite","@id":"https:\/\/ottclimatefund.ca\/#website","url":"https:\/\/ottclimatefund.ca\/","name":"Ottawa Climate Action Fund","description":"Carbon down. Community Up.","publisher":{"@id":"https:\/\/ottclimatefund.ca\/#organization"},"potentialAction":[{"@type":"SearchAction","target":{"@type":"EntryPoint","urlTemplate":"https:\/\/ottclimatefund.ca\/?s={search_term_string}"},"query-input":{"@type":"PropertyValueSpecification","valueRequired":true,"valueName":"search_term_string"}}],"inLanguage":"fr-FR"},{"@type":"Organization","@id":"https:\/\/ottclimatefund.ca\/#organization","name":"Ottawa Climate Action Fund","url":"https:\/\/ottclimatefund.ca\/","logo":{"@type":"ImageObject","inLanguage":"fr-FR","@id":"https:\/\/ottclimatefund.ca\/#\/schema\/logo\/image\/","url":"https:\/\/ottclimatefund.ca\/wp-content\/uploads\/2024\/07\/ocaf-logo.svg","contentUrl":"https:\/\/ottclimatefund.ca\/wp-content\/uploads\/2024\/07\/ocaf-logo.svg","width":172,"height":37,"caption":"Ottawa Climate Action Fund"},"image":{"@id":"https:\/\/ottclimatefund.ca\/#\/schema\/logo\/image\/"},"sameAs":["https:\/\/x.com\/OttClimateFund","https:\/\/www.linkedin.com\/company\/ottawa-climate-action-fund\/about\/"]}]}},"_links":{"self":[{"href":"https:\/\/ottclimatefund.ca\/fr\/wp-json\/wp\/v2\/team-member\/2040","targetHints":{"allow":["GET"]}}],"collection":[{"href":"https:\/\/ottclimatefund.ca\/fr\/wp-json\/wp\/v2\/team-member"}],"about":[{"href":"https:\/\/ottclimatefund.ca\/fr\/wp-json\/wp\/v2\/types\/team-member"}],"wp:featuredmedia":[{"embeddable":true,"href":"https:\/\/ottclimatefund.ca\/fr\/wp-json\/wp\/v2\/media\/2041"}],"wp:attachment":[{"href":"https:\/\/ottclimatefund.ca\/fr\/wp-json\/wp\/v2\/media?parent=2040"}],"wp:term":[{"taxonomy":"team-category","embeddable":true,"href":"https:\/\/ottclimatefund.ca\/fr\/wp-json\/wp\/v2\/team-category?post=2040"}],"curies":[{"name":"wp","href":"https:\/\/api.w.org\/{rel}","templated":true}]}}

<p>Rodney est un promoteur immobilier, investisseur et gestionnaire d’actif fidèle à ses valeurs. Au cours des 15 dernières années, Rodney a occupé des postes de haute direction au sein de projets de développement immobilier parmi les plus ambitieux au pays, dont 10 immeubles classés LEED Platinum. Rodney a dirigé la planification générale de Zibi, une communauté à émission zéro, la seule communauté canadienne endossée par One Planet et lauréate de nombreux prix nationaux et internationaux. Quand il ne s’affaire pas à créer des projets immobiliers plus durables écologiquement et socialement, Rodney pratique la voile, la descente de rapides ou le ski de randonnée.</p>

<!-- This site is optimized with the Yoast SEO plugin v27.4 - https://yoast.com/product/yoast-seo-wordpress/ -->
<title>Rodney Wilts - Ottawa Climate Action Fund</title>
<meta name="robots" content="index, follow, max-snippet:-1, max-image-preview:large, max-video-preview:-1" />
<link rel="canonical" href="https://ottclimatefund.ca/fr/equipe/rodney-wilts/" />
<meta property="og:locale" content="fr_FR" />
<meta property="og:type" content="article" />
<meta property="og:title" content="Rodney Wilts - Ottawa Climate Action Fund" />
<meta property="og:description" content="Rodney est un promoteur immobilier, investisseur et gestionnaire d’actif fidèle à ses valeurs. Au cours des 15 dernières années, Rodney a occupé des postes de haute direction au sein de projets de développement immobilier parmi les plus ambitieux au pays, dont 10 immeubles classés LEED Platinum. Rodney a dirigé la planification générale de Zibi, une [&hellip;]" />
<meta property="og:url" content="https://ottclimatefund.ca/fr/equipe/rodney-wilts/" />
<meta property="og:site_name" content="Ottawa Climate Action Fund" />
<meta property="article:modified_time" content="2024-12-09T16:29:14+00:00" />
<meta property="og:image" content="https://ottclimatefund.ca/wp-content/uploads/2021/02/Rodney-Wilts.jpg" />
	<meta property="og:image:width" content="500" />
	<meta property="og:image:height" content="500" />
	<meta property="og:image:type" content="image/jpeg" />
<meta name="twitter:card" content="summary_large_image" />
<meta name="twitter:site" content="@OttClimateFund" />
<meta name="twitter:label1" content="Est. reading time" />
	<meta name="twitter:data1" content="1 minute" />
<script type="application/ld+json" class="yoast-schema-graph">{"@context":"https:\/\/schema.org","@graph":[{"@type":"WebPage","@id":"https:\/\/ottclimatefund.ca\/fr\/equipe\/rodney-wilts\/","url":"https:\/\/ottclimatefund.ca\/fr\/equipe\/rodney-wilts\/","name":"Rodney Wilts - Ottawa Climate Action Fund","isPartOf":{"@id":"https:\/\/ottclimatefund.ca\/#website"},"primaryImageOfPage":{"@id":"https:\/\/ottclimatefund.ca\/fr\/equipe\/rodney-wilts\/#primaryimage"},"image":{"@id":"https:\/\/ottclimatefund.ca\/fr\/equipe\/rodney-wilts\/#primaryimage"},"thumbnailUrl":"https:\/\/ottclimatefund.ca\/wp-content\/uploads\/2021\/02\/Rodney-Wilts.jpg","datePublished":"2021-02-10T09:41:05+00:00","dateModified":"2024-12-09T16:29:14+00:00","breadcrumb":{"@id":"https:\/\/ottclimatefund.ca\/fr\/equipe\/rodney-wilts\/#breadcrumb"},"inLanguage":"fr-FR","potentialAction":[{"@type":"ReadAction","target":["https:\/\/ottclimatefund.ca\/fr\/equipe\/rodney-wilts\/"]}]},{"@type":"ImageObject","inLanguage":"fr-FR","@id":"https:\/\/ottclimatefund.ca\/fr\/equipe\/rodney-wilts\/#primaryimage","url":"https:\/\/ottclimatefund.ca\/wp-content\/uploads\/2021\/02\/Rodney-Wilts.jpg","contentUrl":"https:\/\/ottclimatefund.ca\/wp-content\/uploads\/2021\/02\/Rodney-Wilts.jpg","width":500,"height":500},{"@type":"BreadcrumbList","@id":"https:\/\/ottclimatefund.ca\/fr\/equipe\/rodney-wilts\/#breadcrumb","itemListElement":[{"@type":"ListItem","position":1,"name":"Home","item":"https:\/\/ottclimatefund.ca\/fr\/"},{"@type":"ListItem","position":2,"name":"Rodney Wilts"}]},{"@type":"WebSite","@id":"https:\/\/ottclimatefund.ca\/#website","url":"https:\/\/ottclimatefund.ca\/","name":"Ottawa Climate Action Fund","description":"Carbon down. Community Up.","publisher":{"@id":"https:\/\/ottclimatefund.ca\/#organization"},"potentialAction":[{"@type":"SearchAction","target":{"@type":"EntryPoint","urlTemplate":"https:\/\/ottclimatefund.ca\/?s={search_term_string}"},"query-input":{"@type":"PropertyValueSpecification","valueRequired":true,"valueName":"search_term_string"}}],"inLanguage":"fr-FR"},{"@type":"Organization","@id":"https:\/\/ottclimatefund.ca\/#organization","name":"Ottawa Climate Action Fund","url":"https:\/\/ottclimatefund.ca\/","logo":{"@type":"ImageObject","inLanguage":"fr-FR","@id":"https:\/\/ottclimatefund.ca\/#\/schema\/logo\/image\/","url":"https:\/\/ottclimatefund.ca\/wp-content\/uploads\/2024\/07\/ocaf-logo.svg","contentUrl":"https:\/\/ottclimatefund.ca\/wp-content\/uploads\/2024\/07\/ocaf-logo.svg","width":172,"height":37,"caption":"Ottawa Climate Action Fund"},"image":{"@id":"https:\/\/ottclimatefund.ca\/#\/schema\/logo\/image\/"},"sameAs":["https:\/\/x.com\/OttClimateFund","https:\/\/www.linkedin.com\/company\/ottawa-climate-action-fund\/about\/"]}]}</script>
<!-- / Yoast SEO plugin. -->

Rodney est un promoteur immobilier, investisseur et gestionnaire d’actif fidèle à ses valeurs. Au cours des 15 dernières années, Rodney a occupé des postes de haute direction au sein de projets de développement immobilier parmi les plus ambitieux au pays, dont 10 immeubles classés LEED Platinum. Rodney a dirigé la planification générale de Zibi, une [&hellip;]
