{"id":1129,"date":"2022-12-19T20:38:39","date_gmt":"2022-12-19T20:38:39","guid":{"rendered":"https:\/\/www.ocaf-faco.ca\/?post_type=team-member&#038;p=1129"},"modified":"2024-09-10T11:58:39","modified_gmt":"2024-09-10T11:58:39","slug":"lauren-latour","status":"publish","type":"team-member","link":"https:\/\/ottclimatefund.ca\/fr\/equipe\/lauren-latour\/","title":{"rendered":"Lauren Latour"},"content":{"rendered":"<p>Lauren est n\u00e9e et a grandi sur les terres des peuples Anishinaabeg, Haudenosaunee, Attawandaron et Wendat, dans ce qui est commun\u00e9ment appel\u00e9 London, en Ontario. Dipl\u00f4m\u00e9e en \u00e9tudes environnementales et en sciences politiques de l&rsquo;Universit\u00e9 Mount Allison \u00e0 Mi&rsquo;kma&rsquo;ki (Nouveau-Brunswick), Lauren s&rsquo;est impliqu\u00e9e en premier dans l&rsquo;organisation de la justice climatique par le biais de la campagne de d\u00e9sinvestissement des combustibles fossiles sur les campus, de l&rsquo;organisation de convergences de jeunes Powershift, et en tant que d\u00e9l\u00e9gu\u00e9e aux COP 21 et 22 avec la d\u00e9l\u00e9gation de la jeunesse canadienne. Lauren travaille avec CAN-Rac depuis 2019 afin de mettre en place un pacte vert au Canada. Elle continue ses activit\u00e9s d\u2019organisation communautaire en faisant du b\u00e9n\u00e9volat avec d&rsquo;autres organisations climatiques telles que Climate Justice Ottawa.<\/p>\n","protected":false},"featured_media":1103,"menu_order":21,"template":"","meta":{"_acf_changed":false,"cybocfi_hide_featured_image":""},"team-category":[22],"class_list":["post-1129","team-member","type-team-member","status-publish","has-post-thumbnail","hentry","team-category-advisory-board-fr"],"acf":[],"yoast_head":"<!-- This site is optimized with the Yoast SEO plugin v27.4 - https:\/\/yoast.com\/product\/yoast-seo-wordpress\/ -->\n<title>Lauren Latour - Ottawa Climate Action Fund<\/title>\n<meta name=\"robots\" content=\"index, follow, max-snippet:-1, max-image-preview:large, max-video-preview:-1\" \/>\n<link rel=\"canonical\" href=\"https:\/\/ottclimatefund.ca\/equipe\/lauren-latour\/\" \/>\n<meta property=\"og:locale\" content=\"fr_FR\" \/>\n<meta property=\"og:type\" content=\"article\" \/>\n<meta property=\"og:title\" content=\"Lauren Latour - Ottawa Climate Action Fund\" \/>\n<meta property=\"og:description\" content=\"Lauren est n\u00e9e et a grandi sur les terres des peuples Anishinaabeg, Haudenosaunee, Attawandaron et Wendat, dans ce qui est commun\u00e9ment appel\u00e9 London, en Ontario. Dipl\u00f4m\u00e9e en \u00e9tudes environnementales et en sciences politiques de l&rsquo;Universit\u00e9 Mount Allison \u00e0 Mi&rsquo;kma&rsquo;ki (Nouveau-Brunswick), Lauren s&rsquo;est impliqu\u00e9e en premier dans l&rsquo;organisation de la justice climatique par le biais de [&hellip;]\" \/>\n<meta property=\"og:url\" content=\"https:\/\/ottclimatefund.ca\/equipe\/lauren-latour\/\" \/>\n<meta property=\"og:site_name\" content=\"Ottawa Climate Action Fund\" \/>\n<meta property=\"article:modified_time\" content=\"2024-09-10T11:58:39+00:00\" \/>\n<meta property=\"og:image\" content=\"https:\/\/ottclimatefund.ca\/wp-content\/uploads\/2022\/12\/staff-bio-Lauren-Latour-1024x1024.jpg.webp\" \/>\n\t<meta property=\"og:image:width\" content=\"1024\" \/>\n\t<meta property=\"og:image:height\" content=\"1024\" \/>\n\t<meta property=\"og:image:type\" content=\"image\/webp\" \/>\n<meta name=\"twitter:card\" content=\"summary_large_image\" \/>\n<meta name=\"twitter:site\" content=\"@OttClimateFund\" \/>\n<meta name=\"twitter:label1\" content=\"Est. reading time\" \/>\n\t<meta name=\"twitter:data1\" content=\"1 minute\" \/>\n<script type=\"application\/ld+json\" class=\"yoast-schema-graph\">{\"@context\":\"https:\\\/\\\/schema.org\",\"@graph\":[{\"@type\":\"WebPage\",\"@id\":\"https:\\\/\\\/ottclimatefund.ca\\\/equipe\\\/lauren-latour\\\/\",\"url\":\"https:\\\/\\\/ottclimatefund.ca\\\/equipe\\\/lauren-latour\\\/\",\"name\":\"Lauren Latour - Ottawa Climate Action Fund\",\"isPartOf\":{\"@id\":\"https:\\\/\\\/ottclimatefund.ca\\\/#website\"},\"primaryImageOfPage\":{\"@id\":\"https:\\\/\\\/ottclimatefund.ca\\\/equipe\\\/lauren-latour\\\/#primaryimage\"},\"image\":{\"@id\":\"https:\\\/\\\/ottclimatefund.ca\\\/equipe\\\/lauren-latour\\\/#primaryimage\"},\"thumbnailUrl\":\"https:\\\/\\\/ottclimatefund.ca\\\/wp-content\\\/uploads\\\/2022\\\/12\\\/staff-bio-Lauren-Latour-1024x1024.jpg.webp\",\"datePublished\":\"2022-12-19T20:38:39+00:00\",\"dateModified\":\"2024-09-10T11:58:39+00:00\",\"breadcrumb\":{\"@id\":\"https:\\\/\\\/ottclimatefund.ca\\\/equipe\\\/lauren-latour\\\/#breadcrumb\"},\"inLanguage\":\"fr-FR\",\"potentialAction\":[{\"@type\":\"ReadAction\",\"target\":[\"https:\\\/\\\/ottclimatefund.ca\\\/equipe\\\/lauren-latour\\\/\"]}]},{\"@type\":\"ImageObject\",\"inLanguage\":\"fr-FR\",\"@id\":\"https:\\\/\\\/ottclimatefund.ca\\\/equipe\\\/lauren-latour\\\/#primaryimage\",\"url\":\"https:\\\/\\\/ottclimatefund.ca\\\/wp-content\\\/uploads\\\/2022\\\/12\\\/staff-bio-Lauren-Latour-1024x1024.jpg.webp\",\"contentUrl\":\"https:\\\/\\\/ottclimatefund.ca\\\/wp-content\\\/uploads\\\/2022\\\/12\\\/staff-bio-Lauren-Latour-1024x1024.jpg.webp\",\"width\":1024,\"height\":1024},{\"@type\":\"BreadcrumbList\",\"@id\":\"https:\\\/\\\/ottclimatefund.ca\\\/equipe\\\/lauren-latour\\\/#breadcrumb\",\"itemListElement\":[{\"@type\":\"ListItem\",\"position\":1,\"name\":\"Home\",\"item\":\"https:\\\/\\\/ottclimatefund.ca\\\/fr\\\/\"},{\"@type\":\"ListItem\",\"position\":2,\"name\":\"Lauren Latour\"}]},{\"@type\":\"WebSite\",\"@id\":\"https:\\\/\\\/ottclimatefund.ca\\\/#website\",\"url\":\"https:\\\/\\\/ottclimatefund.ca\\\/\",\"name\":\"Ottawa Climate Action Fund\",\"description\":\"Carbon down. Community Up.\",\"publisher\":{\"@id\":\"https:\\\/\\\/ottclimatefund.ca\\\/#organization\"},\"potentialAction\":[{\"@type\":\"SearchAction\",\"target\":{\"@type\":\"EntryPoint\",\"urlTemplate\":\"https:\\\/\\\/ottclimatefund.ca\\\/?s={search_term_string}\"},\"query-input\":{\"@type\":\"PropertyValueSpecification\",\"valueRequired\":true,\"valueName\":\"search_term_string\"}}],\"inLanguage\":\"fr-FR\"},{\"@type\":\"Organization\",\"@id\":\"https:\\\/\\\/ottclimatefund.ca\\\/#organization\",\"name\":\"Ottawa Climate Action Fund\",\"url\":\"https:\\\/\\\/ottclimatefund.ca\\\/\",\"logo\":{\"@type\":\"ImageObject\",\"inLanguage\":\"fr-FR\",\"@id\":\"https:\\\/\\\/ottclimatefund.ca\\\/#\\\/schema\\\/logo\\\/image\\\/\",\"url\":\"https:\\\/\\\/ottclimatefund.ca\\\/wp-content\\\/uploads\\\/2024\\\/07\\\/ocaf-logo.svg\",\"contentUrl\":\"https:\\\/\\\/ottclimatefund.ca\\\/wp-content\\\/uploads\\\/2024\\\/07\\\/ocaf-logo.svg\",\"width\":172,\"height\":37,\"caption\":\"Ottawa Climate Action Fund\"},\"image\":{\"@id\":\"https:\\\/\\\/ottclimatefund.ca\\\/#\\\/schema\\\/logo\\\/image\\\/\"},\"sameAs\":[\"https:\\\/\\\/x.com\\\/OttClimateFund\",\"https:\\\/\\\/www.linkedin.com\\\/company\\\/ottawa-climate-action-fund\\\/about\\\/\"]}]}<\/script>\n<!-- \/ Yoast SEO plugin. -->","yoast_head_json":{"title":"Lauren Latour - Ottawa Climate Action Fund","robots":{"index":"index","follow":"follow","max-snippet":"max-snippet:-1","max-image-preview":"max-image-preview:large","max-video-preview":"max-video-preview:-1"},"canonical":"https:\/\/ottclimatefund.ca\/equipe\/lauren-latour\/","og_locale":"fr_FR","og_type":"article","og_title":"Lauren Latour - Ottawa Climate Action Fund","og_description":"Lauren est n\u00e9e et a grandi sur les terres des peuples Anishinaabeg, Haudenosaunee, Attawandaron et Wendat, dans ce qui est commun\u00e9ment appel\u00e9 London, en Ontario. Dipl\u00f4m\u00e9e en \u00e9tudes environnementales et en sciences politiques de l&rsquo;Universit\u00e9 Mount Allison \u00e0 Mi&rsquo;kma&rsquo;ki (Nouveau-Brunswick), Lauren s&rsquo;est impliqu\u00e9e en premier dans l&rsquo;organisation de la justice climatique par le biais de [&hellip;]","og_url":"https:\/\/ottclimatefund.ca\/equipe\/lauren-latour\/","og_site_name":"Ottawa Climate Action Fund","article_modified_time":"2024-09-10T11:58:39+00:00","og_image":[{"width":1024,"height":1024,"url":"https:\/\/ottclimatefund.ca\/wp-content\/uploads\/2022\/12\/staff-bio-Lauren-Latour-1024x1024.jpg.webp","type":"image\/webp"}],"twitter_card":"summary_large_image","twitter_site":"@OttClimateFund","twitter_misc":{"Est. reading time":"1 minute"},"schema":{"@context":"https:\/\/schema.org","@graph":[{"@type":"WebPage","@id":"https:\/\/ottclimatefund.ca\/equipe\/lauren-latour\/","url":"https:\/\/ottclimatefund.ca\/equipe\/lauren-latour\/","name":"Lauren Latour - Ottawa Climate Action Fund","isPartOf":{"@id":"https:\/\/ottclimatefund.ca\/#website"},"primaryImageOfPage":{"@id":"https:\/\/ottclimatefund.ca\/equipe\/lauren-latour\/#primaryimage"},"image":{"@id":"https:\/\/ottclimatefund.ca\/equipe\/lauren-latour\/#primaryimage"},"thumbnailUrl":"https:\/\/ottclimatefund.ca\/wp-content\/uploads\/2022\/12\/staff-bio-Lauren-Latour-1024x1024.jpg.webp","datePublished":"2022-12-19T20:38:39+00:00","dateModified":"2024-09-10T11:58:39+00:00","breadcrumb":{"@id":"https:\/\/ottclimatefund.ca\/equipe\/lauren-latour\/#breadcrumb"},"inLanguage":"fr-FR","potentialAction":[{"@type":"ReadAction","target":["https:\/\/ottclimatefund.ca\/equipe\/lauren-latour\/"]}]},{"@type":"ImageObject","inLanguage":"fr-FR","@id":"https:\/\/ottclimatefund.ca\/equipe\/lauren-latour\/#primaryimage","url":"https:\/\/ottclimatefund.ca\/wp-content\/uploads\/2022\/12\/staff-bio-Lauren-Latour-1024x1024.jpg.webp","contentUrl":"https:\/\/ottclimatefund.ca\/wp-content\/uploads\/2022\/12\/staff-bio-Lauren-Latour-1024x1024.jpg.webp","width":1024,"height":1024},{"@type":"BreadcrumbList","@id":"https:\/\/ottclimatefund.ca\/equipe\/lauren-latour\/#breadcrumb","itemListElement":[{"@type":"ListItem","position":1,"name":"Home","item":"https:\/\/ottclimatefund.ca\/fr\/"},{"@type":"ListItem","position":2,"name":"Lauren Latour"}]},{"@type":"WebSite","@id":"https:\/\/ottclimatefund.ca\/#website","url":"https:\/\/ottclimatefund.ca\/","name":"Ottawa Climate Action Fund","description":"Carbon down. Community Up.","publisher":{"@id":"https:\/\/ottclimatefund.ca\/#organization"},"potentialAction":[{"@type":"SearchAction","target":{"@type":"EntryPoint","urlTemplate":"https:\/\/ottclimatefund.ca\/?s={search_term_string}"},"query-input":{"@type":"PropertyValueSpecification","valueRequired":true,"valueName":"search_term_string"}}],"inLanguage":"fr-FR"},{"@type":"Organization","@id":"https:\/\/ottclimatefund.ca\/#organization","name":"Ottawa Climate Action Fund","url":"https:\/\/ottclimatefund.ca\/","logo":{"@type":"ImageObject","inLanguage":"fr-FR","@id":"https:\/\/ottclimatefund.ca\/#\/schema\/logo\/image\/","url":"https:\/\/ottclimatefund.ca\/wp-content\/uploads\/2024\/07\/ocaf-logo.svg","contentUrl":"https:\/\/ottclimatefund.ca\/wp-content\/uploads\/2024\/07\/ocaf-logo.svg","width":172,"height":37,"caption":"Ottawa Climate Action Fund"},"image":{"@id":"https:\/\/ottclimatefund.ca\/#\/schema\/logo\/image\/"},"sameAs":["https:\/\/x.com\/OttClimateFund","https:\/\/www.linkedin.com\/company\/ottawa-climate-action-fund\/about\/"]}]}},"_links":{"self":[{"href":"https:\/\/ottclimatefund.ca\/fr\/wp-json\/wp\/v2\/team-member\/1129","targetHints":{"allow":["GET"]}}],"collection":[{"href":"https:\/\/ottclimatefund.ca\/fr\/wp-json\/wp\/v2\/team-member"}],"about":[{"href":"https:\/\/ottclimatefund.ca\/fr\/wp-json\/wp\/v2\/types\/team-member"}],"wp:featuredmedia":[{"embeddable":true,"href":"https:\/\/ottclimatefund.ca\/fr\/wp-json\/wp\/v2\/media\/1103"}],"wp:attachment":[{"href":"https:\/\/ottclimatefund.ca\/fr\/wp-json\/wp\/v2\/media?parent=1129"}],"wp:term":[{"taxonomy":"team-category","embeddable":true,"href":"https:\/\/ottclimatefund.ca\/fr\/wp-json\/wp\/v2\/team-category?post=1129"}],"curies":[{"name":"wp","href":"https:\/\/api.w.org\/{rel}","templated":true}]}}

<p>Lauren est née et a grandi sur les terres des peuples Anishinaabeg, Haudenosaunee, Attawandaron et Wendat, dans ce qui est communément appelé London, en Ontario. Diplômée en études environnementales et en sciences politiques de l&rsquo;Université Mount Allison à Mi&rsquo;kma&rsquo;ki (Nouveau-Brunswick), Lauren s&rsquo;est impliquée en premier dans l&rsquo;organisation de la justice climatique par le biais de la campagne de désinvestissement des combustibles fossiles sur les campus, de l&rsquo;organisation de convergences de jeunes Powershift, et en tant que déléguée aux COP 21 et 22 avec la délégation de la jeunesse canadienne. Lauren travaille avec CAN-Rac depuis 2019 afin de mettre en place un pacte vert au Canada. Elle continue ses activités d’organisation communautaire en faisant du bénévolat avec d&rsquo;autres organisations climatiques telles que Climate Justice Ottawa.</p>

<!-- This site is optimized with the Yoast SEO plugin v27.4 - https://yoast.com/product/yoast-seo-wordpress/ -->
<title>Lauren Latour - Ottawa Climate Action Fund</title>
<meta name="robots" content="index, follow, max-snippet:-1, max-image-preview:large, max-video-preview:-1" />
<link rel="canonical" href="https://ottclimatefund.ca/equipe/lauren-latour/" />
<meta property="og:locale" content="fr_FR" />
<meta property="og:type" content="article" />
<meta property="og:title" content="Lauren Latour - Ottawa Climate Action Fund" />
<meta property="og:description" content="Lauren est née et a grandi sur les terres des peuples Anishinaabeg, Haudenosaunee, Attawandaron et Wendat, dans ce qui est communément appelé London, en Ontario. Diplômée en études environnementales et en sciences politiques de l&rsquo;Université Mount Allison à Mi&rsquo;kma&rsquo;ki (Nouveau-Brunswick), Lauren s&rsquo;est impliquée en premier dans l&rsquo;organisation de la justice climatique par le biais de [&hellip;]" />
<meta property="og:url" content="https://ottclimatefund.ca/equipe/lauren-latour/" />
<meta property="og:site_name" content="Ottawa Climate Action Fund" />
<meta property="article:modified_time" content="2024-09-10T11:58:39+00:00" />
<meta property="og:image" content="https://ottclimatefund.ca/wp-content/uploads/2022/12/staff-bio-Lauren-Latour-1024x1024.jpg.webp" />
	<meta property="og:image:width" content="1024" />
	<meta property="og:image:height" content="1024" />
	<meta property="og:image:type" content="image/webp" />
<meta name="twitter:card" content="summary_large_image" />
<meta name="twitter:site" content="@OttClimateFund" />
<meta name="twitter:label1" content="Est. reading time" />
	<meta name="twitter:data1" content="1 minute" />
<script type="application/ld+json" class="yoast-schema-graph">{"@context":"https:\/\/schema.org","@graph":[{"@type":"WebPage","@id":"https:\/\/ottclimatefund.ca\/equipe\/lauren-latour\/","url":"https:\/\/ottclimatefund.ca\/equipe\/lauren-latour\/","name":"Lauren Latour - Ottawa Climate Action Fund","isPartOf":{"@id":"https:\/\/ottclimatefund.ca\/#website"},"primaryImageOfPage":{"@id":"https:\/\/ottclimatefund.ca\/equipe\/lauren-latour\/#primaryimage"},"image":{"@id":"https:\/\/ottclimatefund.ca\/equipe\/lauren-latour\/#primaryimage"},"thumbnailUrl":"https:\/\/ottclimatefund.ca\/wp-content\/uploads\/2022\/12\/staff-bio-Lauren-Latour-1024x1024.jpg.webp","datePublished":"2022-12-19T20:38:39+00:00","dateModified":"2024-09-10T11:58:39+00:00","breadcrumb":{"@id":"https:\/\/ottclimatefund.ca\/equipe\/lauren-latour\/#breadcrumb"},"inLanguage":"fr-FR","potentialAction":[{"@type":"ReadAction","target":["https:\/\/ottclimatefund.ca\/equipe\/lauren-latour\/"]}]},{"@type":"ImageObject","inLanguage":"fr-FR","@id":"https:\/\/ottclimatefund.ca\/equipe\/lauren-latour\/#primaryimage","url":"https:\/\/ottclimatefund.ca\/wp-content\/uploads\/2022\/12\/staff-bio-Lauren-Latour-1024x1024.jpg.webp","contentUrl":"https:\/\/ottclimatefund.ca\/wp-content\/uploads\/2022\/12\/staff-bio-Lauren-Latour-1024x1024.jpg.webp","width":1024,"height":1024},{"@type":"BreadcrumbList","@id":"https:\/\/ottclimatefund.ca\/equipe\/lauren-latour\/#breadcrumb","itemListElement":[{"@type":"ListItem","position":1,"name":"Home","item":"https:\/\/ottclimatefund.ca\/fr\/"},{"@type":"ListItem","position":2,"name":"Lauren Latour"}]},{"@type":"WebSite","@id":"https:\/\/ottclimatefund.ca\/#website","url":"https:\/\/ottclimatefund.ca\/","name":"Ottawa Climate Action Fund","description":"Carbon down. Community Up.","publisher":{"@id":"https:\/\/ottclimatefund.ca\/#organization"},"potentialAction":[{"@type":"SearchAction","target":{"@type":"EntryPoint","urlTemplate":"https:\/\/ottclimatefund.ca\/?s={search_term_string}"},"query-input":{"@type":"PropertyValueSpecification","valueRequired":true,"valueName":"search_term_string"}}],"inLanguage":"fr-FR"},{"@type":"Organization","@id":"https:\/\/ottclimatefund.ca\/#organization","name":"Ottawa Climate Action Fund","url":"https:\/\/ottclimatefund.ca\/","logo":{"@type":"ImageObject","inLanguage":"fr-FR","@id":"https:\/\/ottclimatefund.ca\/#\/schema\/logo\/image\/","url":"https:\/\/ottclimatefund.ca\/wp-content\/uploads\/2024\/07\/ocaf-logo.svg","contentUrl":"https:\/\/ottclimatefund.ca\/wp-content\/uploads\/2024\/07\/ocaf-logo.svg","width":172,"height":37,"caption":"Ottawa Climate Action Fund"},"image":{"@id":"https:\/\/ottclimatefund.ca\/#\/schema\/logo\/image\/"},"sameAs":["https:\/\/x.com\/OttClimateFund","https:\/\/www.linkedin.com\/company\/ottawa-climate-action-fund\/about\/"]}]}</script>
<!-- / Yoast SEO plugin. -->

Lauren est née et a grandi sur les terres des peuples Anishinaabeg, Haudenosaunee, Attawandaron et Wendat, dans ce qui est communément appelé London, en Ontario. Diplômée en études environnementales et en sciences politiques de l&rsquo;Université Mount Allison à Mi&rsquo;kma&rsquo;ki (Nouveau-Brunswick), Lauren s&rsquo;est impliquée en premier dans l&rsquo;organisation de la justice climatique par le biais de [&hellip;]
