{"id":1045,"date":"2022-09-27T13:56:19","date_gmt":"2022-09-27T13:56:19","guid":{"rendered":"https:\/\/www.ocaf-faco.ca\/?post_type=team-member&#038;p=1045"},"modified":"2024-09-10T11:58:39","modified_gmt":"2024-09-10T11:58:39","slug":"debra-alves","status":"publish","type":"team-member","link":"https:\/\/ottclimatefund.ca\/fr\/equipe\/debra-alves\/","title":{"rendered":"Debra Alves"},"content":{"rendered":"<p>Debra Alves a \u00e9t\u00e9 directrice g\u00e9n\u00e9rale et chef de la direction du r\u00e9gime de retraite de CBC pendant plus de 10 ans. En tant que chef de la direction, elle \u00e9tait responsable de la direction, de la gestion et de l\u2019administration quotidiennes du r\u00e9gime de retraite de CBC, qui comprenait la gestion des placements de plus de 7 milliards de dollars d\u2019actifs et la prestation de services d\u2019administration des pensions \u00e0 19 000 participants. Avant d\u2019occuper ce poste, Mme Debra a occup\u00e9 des postes de direction dans les bureaux de la Tr\u00e9sorerie et de la Caisse de retraite de la Caisse de pensions du Canada, de la Soci\u00e9t\u00e9 canadienne d\u2019hypoth\u00e8ques et de logement et de la Soci\u00e9t\u00e9 du cr\u00e9dit agricole. Sa carri\u00e8re dans la gestion de portefeuille couvre l\u2019investissement dans les obligations, le capital-investissement, l\u2019infrastructure et la supervision de gestionnaires de placements externes. Maintenant \u00e0 la retraite, Debra si\u00e8ge \u00e0 divers conseils et comit\u00e9s locaux.<\/p>\n<p>Debra est titulaire d\u2019un baccalaur\u00e9at \u00e8s arts (sciences politiques et \u00e9conomie) de l\u2019Universit\u00e9 Western Ontario et d\u2019une ma\u00eetrise en administration des affaires (finance) de l\u2019Universit\u00e9 de Tampa. Elle est titulaire d\u2019une charte d\u2019analyste financi\u00e8re agr\u00e9\u00e9e et trice du titre d\u2019institut des administrateurs de soci\u00e9t\u00e9s, IAS.D.<\/p>\n","protected":false},"featured_media":1235,"menu_order":40,"template":"","meta":{"_acf_changed":false,"cybocfi_hide_featured_image":""},"team-category":[22],"class_list":["post-1045","team-member","type-team-member","status-publish","has-post-thumbnail","hentry","team-category-advisory-board-fr"],"acf":[],"yoast_head":"<!-- This site is optimized with the Yoast SEO plugin v27.4 - https:\/\/yoast.com\/product\/yoast-seo-wordpress\/ -->\n<title>Debra Alves - Ottawa Climate Action Fund<\/title>\n<meta name=\"robots\" content=\"index, follow, max-snippet:-1, max-image-preview:large, max-video-preview:-1\" \/>\n<link rel=\"canonical\" href=\"https:\/\/ottclimatefund.ca\/equipe\/debra-alves\/\" \/>\n<meta property=\"og:locale\" content=\"fr_FR\" \/>\n<meta property=\"og:type\" content=\"article\" \/>\n<meta property=\"og:title\" content=\"Debra Alves - Ottawa Climate Action Fund\" \/>\n<meta property=\"og:description\" content=\"Debra Alves a \u00e9t\u00e9 directrice g\u00e9n\u00e9rale et chef de la direction du r\u00e9gime de retraite de CBC pendant plus de 10 ans. En tant que chef de la direction, elle \u00e9tait responsable de la direction, de la gestion et de l\u2019administration quotidiennes du r\u00e9gime de retraite de CBC, qui comprenait la gestion des placements de [&hellip;]\" \/>\n<meta property=\"og:url\" content=\"https:\/\/ottclimatefund.ca\/equipe\/debra-alves\/\" \/>\n<meta property=\"og:site_name\" content=\"Ottawa Climate Action Fund\" \/>\n<meta property=\"article:modified_time\" content=\"2024-09-10T11:58:39+00:00\" \/>\n<meta property=\"og:image\" content=\"https:\/\/ottclimatefund.ca\/wp-content\/uploads\/2022\/09\/Debra-Alves-OCAF.png\" \/>\n\t<meta property=\"og:image:width\" content=\"500\" \/>\n\t<meta property=\"og:image:height\" content=\"500\" \/>\n\t<meta property=\"og:image:type\" content=\"image\/png\" \/>\n<meta name=\"twitter:card\" content=\"summary_large_image\" \/>\n<meta name=\"twitter:site\" content=\"@OttClimateFund\" \/>\n<meta name=\"twitter:label1\" content=\"Est. reading time\" \/>\n\t<meta name=\"twitter:data1\" content=\"1 minute\" \/>\n<script type=\"application\/ld+json\" class=\"yoast-schema-graph\">{\"@context\":\"https:\\\/\\\/schema.org\",\"@graph\":[{\"@type\":\"WebPage\",\"@id\":\"https:\\\/\\\/ottclimatefund.ca\\\/equipe\\\/debra-alves\\\/\",\"url\":\"https:\\\/\\\/ottclimatefund.ca\\\/equipe\\\/debra-alves\\\/\",\"name\":\"Debra Alves - Ottawa Climate Action Fund\",\"isPartOf\":{\"@id\":\"https:\\\/\\\/ottclimatefund.ca\\\/#website\"},\"primaryImageOfPage\":{\"@id\":\"https:\\\/\\\/ottclimatefund.ca\\\/equipe\\\/debra-alves\\\/#primaryimage\"},\"image\":{\"@id\":\"https:\\\/\\\/ottclimatefund.ca\\\/equipe\\\/debra-alves\\\/#primaryimage\"},\"thumbnailUrl\":\"https:\\\/\\\/ottclimatefund.ca\\\/wp-content\\\/uploads\\\/2022\\\/09\\\/Debra-Alves-OCAF.png\",\"datePublished\":\"2022-09-27T13:56:19+00:00\",\"dateModified\":\"2024-09-10T11:58:39+00:00\",\"breadcrumb\":{\"@id\":\"https:\\\/\\\/ottclimatefund.ca\\\/equipe\\\/debra-alves\\\/#breadcrumb\"},\"inLanguage\":\"fr-FR\",\"potentialAction\":[{\"@type\":\"ReadAction\",\"target\":[\"https:\\\/\\\/ottclimatefund.ca\\\/equipe\\\/debra-alves\\\/\"]}]},{\"@type\":\"ImageObject\",\"inLanguage\":\"fr-FR\",\"@id\":\"https:\\\/\\\/ottclimatefund.ca\\\/equipe\\\/debra-alves\\\/#primaryimage\",\"url\":\"https:\\\/\\\/ottclimatefund.ca\\\/wp-content\\\/uploads\\\/2022\\\/09\\\/Debra-Alves-OCAF.png\",\"contentUrl\":\"https:\\\/\\\/ottclimatefund.ca\\\/wp-content\\\/uploads\\\/2022\\\/09\\\/Debra-Alves-OCAF.png\",\"width\":500,\"height\":500},{\"@type\":\"BreadcrumbList\",\"@id\":\"https:\\\/\\\/ottclimatefund.ca\\\/equipe\\\/debra-alves\\\/#breadcrumb\",\"itemListElement\":[{\"@type\":\"ListItem\",\"position\":1,\"name\":\"Home\",\"item\":\"https:\\\/\\\/ottclimatefund.ca\\\/fr\\\/\"},{\"@type\":\"ListItem\",\"position\":2,\"name\":\"Debra Alves\"}]},{\"@type\":\"WebSite\",\"@id\":\"https:\\\/\\\/ottclimatefund.ca\\\/#website\",\"url\":\"https:\\\/\\\/ottclimatefund.ca\\\/\",\"name\":\"Ottawa Climate Action Fund\",\"description\":\"Carbon down. Community Up.\",\"publisher\":{\"@id\":\"https:\\\/\\\/ottclimatefund.ca\\\/#organization\"},\"potentialAction\":[{\"@type\":\"SearchAction\",\"target\":{\"@type\":\"EntryPoint\",\"urlTemplate\":\"https:\\\/\\\/ottclimatefund.ca\\\/?s={search_term_string}\"},\"query-input\":{\"@type\":\"PropertyValueSpecification\",\"valueRequired\":true,\"valueName\":\"search_term_string\"}}],\"inLanguage\":\"fr-FR\"},{\"@type\":\"Organization\",\"@id\":\"https:\\\/\\\/ottclimatefund.ca\\\/#organization\",\"name\":\"Ottawa Climate Action Fund\",\"url\":\"https:\\\/\\\/ottclimatefund.ca\\\/\",\"logo\":{\"@type\":\"ImageObject\",\"inLanguage\":\"fr-FR\",\"@id\":\"https:\\\/\\\/ottclimatefund.ca\\\/#\\\/schema\\\/logo\\\/image\\\/\",\"url\":\"https:\\\/\\\/ottclimatefund.ca\\\/wp-content\\\/uploads\\\/2024\\\/07\\\/ocaf-logo.svg\",\"contentUrl\":\"https:\\\/\\\/ottclimatefund.ca\\\/wp-content\\\/uploads\\\/2024\\\/07\\\/ocaf-logo.svg\",\"width\":172,\"height\":37,\"caption\":\"Ottawa Climate Action Fund\"},\"image\":{\"@id\":\"https:\\\/\\\/ottclimatefund.ca\\\/#\\\/schema\\\/logo\\\/image\\\/\"},\"sameAs\":[\"https:\\\/\\\/x.com\\\/OttClimateFund\",\"https:\\\/\\\/www.linkedin.com\\\/company\\\/ottawa-climate-action-fund\\\/about\\\/\"]}]}<\/script>\n<!-- \/ Yoast SEO plugin. -->","yoast_head_json":{"title":"Debra Alves - Ottawa Climate Action Fund","robots":{"index":"index","follow":"follow","max-snippet":"max-snippet:-1","max-image-preview":"max-image-preview:large","max-video-preview":"max-video-preview:-1"},"canonical":"https:\/\/ottclimatefund.ca\/equipe\/debra-alves\/","og_locale":"fr_FR","og_type":"article","og_title":"Debra Alves - Ottawa Climate Action Fund","og_description":"Debra Alves a \u00e9t\u00e9 directrice g\u00e9n\u00e9rale et chef de la direction du r\u00e9gime de retraite de CBC pendant plus de 10 ans. En tant que chef de la direction, elle \u00e9tait responsable de la direction, de la gestion et de l\u2019administration quotidiennes du r\u00e9gime de retraite de CBC, qui comprenait la gestion des placements de [&hellip;]","og_url":"https:\/\/ottclimatefund.ca\/equipe\/debra-alves\/","og_site_name":"Ottawa Climate Action Fund","article_modified_time":"2024-09-10T11:58:39+00:00","og_image":[{"width":500,"height":500,"url":"https:\/\/ottclimatefund.ca\/wp-content\/uploads\/2022\/09\/Debra-Alves-OCAF.png","type":"image\/png"}],"twitter_card":"summary_large_image","twitter_site":"@OttClimateFund","twitter_misc":{"Est. reading time":"1 minute"},"schema":{"@context":"https:\/\/schema.org","@graph":[{"@type":"WebPage","@id":"https:\/\/ottclimatefund.ca\/equipe\/debra-alves\/","url":"https:\/\/ottclimatefund.ca\/equipe\/debra-alves\/","name":"Debra Alves - Ottawa Climate Action Fund","isPartOf":{"@id":"https:\/\/ottclimatefund.ca\/#website"},"primaryImageOfPage":{"@id":"https:\/\/ottclimatefund.ca\/equipe\/debra-alves\/#primaryimage"},"image":{"@id":"https:\/\/ottclimatefund.ca\/equipe\/debra-alves\/#primaryimage"},"thumbnailUrl":"https:\/\/ottclimatefund.ca\/wp-content\/uploads\/2022\/09\/Debra-Alves-OCAF.png","datePublished":"2022-09-27T13:56:19+00:00","dateModified":"2024-09-10T11:58:39+00:00","breadcrumb":{"@id":"https:\/\/ottclimatefund.ca\/equipe\/debra-alves\/#breadcrumb"},"inLanguage":"fr-FR","potentialAction":[{"@type":"ReadAction","target":["https:\/\/ottclimatefund.ca\/equipe\/debra-alves\/"]}]},{"@type":"ImageObject","inLanguage":"fr-FR","@id":"https:\/\/ottclimatefund.ca\/equipe\/debra-alves\/#primaryimage","url":"https:\/\/ottclimatefund.ca\/wp-content\/uploads\/2022\/09\/Debra-Alves-OCAF.png","contentUrl":"https:\/\/ottclimatefund.ca\/wp-content\/uploads\/2022\/09\/Debra-Alves-OCAF.png","width":500,"height":500},{"@type":"BreadcrumbList","@id":"https:\/\/ottclimatefund.ca\/equipe\/debra-alves\/#breadcrumb","itemListElement":[{"@type":"ListItem","position":1,"name":"Home","item":"https:\/\/ottclimatefund.ca\/fr\/"},{"@type":"ListItem","position":2,"name":"Debra Alves"}]},{"@type":"WebSite","@id":"https:\/\/ottclimatefund.ca\/#website","url":"https:\/\/ottclimatefund.ca\/","name":"Ottawa Climate Action Fund","description":"Carbon down. Community Up.","publisher":{"@id":"https:\/\/ottclimatefund.ca\/#organization"},"potentialAction":[{"@type":"SearchAction","target":{"@type":"EntryPoint","urlTemplate":"https:\/\/ottclimatefund.ca\/?s={search_term_string}"},"query-input":{"@type":"PropertyValueSpecification","valueRequired":true,"valueName":"search_term_string"}}],"inLanguage":"fr-FR"},{"@type":"Organization","@id":"https:\/\/ottclimatefund.ca\/#organization","name":"Ottawa Climate Action Fund","url":"https:\/\/ottclimatefund.ca\/","logo":{"@type":"ImageObject","inLanguage":"fr-FR","@id":"https:\/\/ottclimatefund.ca\/#\/schema\/logo\/image\/","url":"https:\/\/ottclimatefund.ca\/wp-content\/uploads\/2024\/07\/ocaf-logo.svg","contentUrl":"https:\/\/ottclimatefund.ca\/wp-content\/uploads\/2024\/07\/ocaf-logo.svg","width":172,"height":37,"caption":"Ottawa Climate Action Fund"},"image":{"@id":"https:\/\/ottclimatefund.ca\/#\/schema\/logo\/image\/"},"sameAs":["https:\/\/x.com\/OttClimateFund","https:\/\/www.linkedin.com\/company\/ottawa-climate-action-fund\/about\/"]}]}},"_links":{"self":[{"href":"https:\/\/ottclimatefund.ca\/fr\/wp-json\/wp\/v2\/team-member\/1045","targetHints":{"allow":["GET"]}}],"collection":[{"href":"https:\/\/ottclimatefund.ca\/fr\/wp-json\/wp\/v2\/team-member"}],"about":[{"href":"https:\/\/ottclimatefund.ca\/fr\/wp-json\/wp\/v2\/types\/team-member"}],"wp:featuredmedia":[{"embeddable":true,"href":"https:\/\/ottclimatefund.ca\/fr\/wp-json\/wp\/v2\/media\/1235"}],"wp:attachment":[{"href":"https:\/\/ottclimatefund.ca\/fr\/wp-json\/wp\/v2\/media?parent=1045"}],"wp:term":[{"taxonomy":"team-category","embeddable":true,"href":"https:\/\/ottclimatefund.ca\/fr\/wp-json\/wp\/v2\/team-category?post=1045"}],"curies":[{"name":"wp","href":"https:\/\/api.w.org\/{rel}","templated":true}]}}

<p>Debra Alves a été directrice générale et chef de la direction du régime de retraite de CBC pendant plus de 10 ans. En tant que chef de la direction, elle était responsable de la direction, de la gestion et de l’administration quotidiennes du régime de retraite de CBC, qui comprenait la gestion des placements de plus de 7 milliards de dollars d’actifs et la prestation de services d’administration des pensions à 19 000 participants. Avant d’occuper ce poste, Mme Debra a occupé des postes de direction dans les bureaux de la Trésorerie et de la Caisse de retraite de la Caisse de pensions du Canada, de la Société canadienne d’hypothèques et de logement et de la Société du crédit agricole. Sa carrière dans la gestion de portefeuille couvre l’investissement dans les obligations, le capital-investissement, l’infrastructure et la supervision de gestionnaires de placements externes. Maintenant à la retraite, Debra siège à divers conseils et comités locaux.</p>
<p>Debra est titulaire d’un baccalauréat ès arts (sciences politiques et économie) de l’Université Western Ontario et d’une maîtrise en administration des affaires (finance) de l’Université de Tampa. Elle est titulaire d’une charte d’analyste financière agréée et trice du titre d’institut des administrateurs de sociétés, IAS.D.</p>

<!-- This site is optimized with the Yoast SEO plugin v27.4 - https://yoast.com/product/yoast-seo-wordpress/ -->
<title>Debra Alves - Ottawa Climate Action Fund</title>
<meta name="robots" content="index, follow, max-snippet:-1, max-image-preview:large, max-video-preview:-1" />
<link rel="canonical" href="https://ottclimatefund.ca/equipe/debra-alves/" />
<meta property="og:locale" content="fr_FR" />
<meta property="og:type" content="article" />
<meta property="og:title" content="Debra Alves - Ottawa Climate Action Fund" />
<meta property="og:description" content="Debra Alves a été directrice générale et chef de la direction du régime de retraite de CBC pendant plus de 10 ans. En tant que chef de la direction, elle était responsable de la direction, de la gestion et de l’administration quotidiennes du régime de retraite de CBC, qui comprenait la gestion des placements de [&hellip;]" />
<meta property="og:url" content="https://ottclimatefund.ca/equipe/debra-alves/" />
<meta property="og:site_name" content="Ottawa Climate Action Fund" />
<meta property="article:modified_time" content="2024-09-10T11:58:39+00:00" />
<meta property="og:image" content="https://ottclimatefund.ca/wp-content/uploads/2022/09/Debra-Alves-OCAF.png" />
	<meta property="og:image:width" content="500" />
	<meta property="og:image:height" content="500" />
	<meta property="og:image:type" content="image/png" />
<meta name="twitter:card" content="summary_large_image" />
<meta name="twitter:site" content="@OttClimateFund" />
<meta name="twitter:label1" content="Est. reading time" />
	<meta name="twitter:data1" content="1 minute" />
<script type="application/ld+json" class="yoast-schema-graph">{"@context":"https:\/\/schema.org","@graph":[{"@type":"WebPage","@id":"https:\/\/ottclimatefund.ca\/equipe\/debra-alves\/","url":"https:\/\/ottclimatefund.ca\/equipe\/debra-alves\/","name":"Debra Alves - Ottawa Climate Action Fund","isPartOf":{"@id":"https:\/\/ottclimatefund.ca\/#website"},"primaryImageOfPage":{"@id":"https:\/\/ottclimatefund.ca\/equipe\/debra-alves\/#primaryimage"},"image":{"@id":"https:\/\/ottclimatefund.ca\/equipe\/debra-alves\/#primaryimage"},"thumbnailUrl":"https:\/\/ottclimatefund.ca\/wp-content\/uploads\/2022\/09\/Debra-Alves-OCAF.png","datePublished":"2022-09-27T13:56:19+00:00","dateModified":"2024-09-10T11:58:39+00:00","breadcrumb":{"@id":"https:\/\/ottclimatefund.ca\/equipe\/debra-alves\/#breadcrumb"},"inLanguage":"fr-FR","potentialAction":[{"@type":"ReadAction","target":["https:\/\/ottclimatefund.ca\/equipe\/debra-alves\/"]}]},{"@type":"ImageObject","inLanguage":"fr-FR","@id":"https:\/\/ottclimatefund.ca\/equipe\/debra-alves\/#primaryimage","url":"https:\/\/ottclimatefund.ca\/wp-content\/uploads\/2022\/09\/Debra-Alves-OCAF.png","contentUrl":"https:\/\/ottclimatefund.ca\/wp-content\/uploads\/2022\/09\/Debra-Alves-OCAF.png","width":500,"height":500},{"@type":"BreadcrumbList","@id":"https:\/\/ottclimatefund.ca\/equipe\/debra-alves\/#breadcrumb","itemListElement":[{"@type":"ListItem","position":1,"name":"Home","item":"https:\/\/ottclimatefund.ca\/fr\/"},{"@type":"ListItem","position":2,"name":"Debra Alves"}]},{"@type":"WebSite","@id":"https:\/\/ottclimatefund.ca\/#website","url":"https:\/\/ottclimatefund.ca\/","name":"Ottawa Climate Action Fund","description":"Carbon down. Community Up.","publisher":{"@id":"https:\/\/ottclimatefund.ca\/#organization"},"potentialAction":[{"@type":"SearchAction","target":{"@type":"EntryPoint","urlTemplate":"https:\/\/ottclimatefund.ca\/?s={search_term_string}"},"query-input":{"@type":"PropertyValueSpecification","valueRequired":true,"valueName":"search_term_string"}}],"inLanguage":"fr-FR"},{"@type":"Organization","@id":"https:\/\/ottclimatefund.ca\/#organization","name":"Ottawa Climate Action Fund","url":"https:\/\/ottclimatefund.ca\/","logo":{"@type":"ImageObject","inLanguage":"fr-FR","@id":"https:\/\/ottclimatefund.ca\/#\/schema\/logo\/image\/","url":"https:\/\/ottclimatefund.ca\/wp-content\/uploads\/2024\/07\/ocaf-logo.svg","contentUrl":"https:\/\/ottclimatefund.ca\/wp-content\/uploads\/2024\/07\/ocaf-logo.svg","width":172,"height":37,"caption":"Ottawa Climate Action Fund"},"image":{"@id":"https:\/\/ottclimatefund.ca\/#\/schema\/logo\/image\/"},"sameAs":["https:\/\/x.com\/OttClimateFund","https:\/\/www.linkedin.com\/company\/ottawa-climate-action-fund\/about\/"]}]}</script>
<!-- / Yoast SEO plugin. -->

Debra Alves a été directrice générale et chef de la direction du régime de retraite de CBC pendant plus de 10 ans. En tant que chef de la direction, elle était responsable de la direction, de la gestion et de l’administration quotidiennes du régime de retraite de CBC, qui comprenait la gestion des placements de [&hellip;]
