{"version":"1.0","provider_name":"Ottawa Climate Action Fund","provider_url":"https:\/\/ottclimatefund.ca\/fr\/","author_name":"admin","author_url":"https:\/\/ottclimatefund.ca\/fr\/author\/admin\/","title":"Debra Alves - Ottawa Climate Action Fund","type":"rich","width":600,"height":338,"html":"<blockquote class=\"wp-embedded-content\" data-secret=\"r6OhGVmAR1\"><a href=\"https:\/\/ottclimatefund.ca\/fr\/equipe\/debra-alves\/\">Debra Alves<\/a><\/blockquote><iframe sandbox=\"allow-scripts\" security=\"restricted\" src=\"https:\/\/ottclimatefund.ca\/fr\/equipe\/debra-alves\/embed\/#?secret=r6OhGVmAR1\" width=\"600\" height=\"338\" title=\"\u00ab\u00a0Debra Alves\u00a0\u00bb &#8212; Ottawa Climate Action Fund\" data-secret=\"r6OhGVmAR1\" frameborder=\"0\" marginwidth=\"0\" marginheight=\"0\" scrolling=\"no\" class=\"wp-embedded-content\"><\/iframe><script>\n\/*! This file is auto-generated *\/\n!function(d,l){\"use strict\";l.querySelector&&d.addEventListener&&\"undefined\"!=typeof URL&&(d.wp=d.wp||{},d.wp.receiveEmbedMessage||(d.wp.receiveEmbedMessage=function(e){var t=e.data;if((t||t.secret||t.message||t.value)&&!\/[^a-zA-Z0-9]\/.test(t.secret)){for(var s,r,n,a=l.querySelectorAll('iframe[data-secret=\"'+t.secret+'\"]'),o=l.querySelectorAll('blockquote[data-secret=\"'+t.secret+'\"]'),c=new RegExp(\"^https?:$\",\"i\"),i=0;i<o.length;i++)o[i].style.display=\"none\";for(i=0;i<a.length;i++)s=a[i],e.source===s.contentWindow&&(s.removeAttribute(\"style\"),\"height\"===t.message?(1e3<(r=parseInt(t.value,10))?r=1e3:~~r<200&&(r=200),s.height=r):\"link\"===t.message&&(r=new URL(s.getAttribute(\"src\")),n=new URL(t.value),c.test(n.protocol))&&n.host===r.host&&l.activeElement===s&&(d.top.location.href=t.value))}},d.addEventListener(\"message\",d.wp.receiveEmbedMessage,!1),l.addEventListener(\"DOMContentLoaded\",function(){for(var e,t,s=l.querySelectorAll(\"iframe.wp-embedded-content\"),r=0;r<s.length;r++)(t=(e=s[r]).getAttribute(\"data-secret\"))||(t=Math.random().toString(36).substring(2,12),e.src+=\"#?secret=\"+t,e.setAttribute(\"data-secret\",t)),e.contentWindow.postMessage({message:\"ready\",secret:t},\"*\")},!1)))}(window,document);\n\/\/# sourceURL=https:\/\/ottclimatefund.ca\/wp-includes\/js\/wp-embed.min.js\n<\/script>\n","thumbnail_url":"https:\/\/ottclimatefund.ca\/wp-content\/uploads\/2022\/09\/Debra-Alves-OCAF.png","thumbnail_width":500,"thumbnail_height":500,"description":"Debra Alves a \u00e9t\u00e9 directrice g\u00e9n\u00e9rale et chef de la direction du r\u00e9gime de retraite de CBC pendant plus de 10 ans. En tant que chef de la direction, elle \u00e9tait responsable de la direction, de la gestion et de l\u2019administration quotidiennes du r\u00e9gime de retraite de CBC, qui comprenait la gestion des placements de [&hellip;]"}

Debra Alves a été directrice générale et chef de la direction du régime de retraite de CBC pendant plus de 10 ans. En tant que chef de la direction, elle était responsable de la direction, de la gestion et de l’administration quotidiennes du régime de retraite de CBC, qui comprenait la gestion des placements de [&hellip;]
